[INFO] cloning repository https://github.com/charliesome/giffy_stardust
[INFO] running `Command { std: "git" "-c" "credential.helper=" "-c" "credential.helper=/workspace/cargo-home/bin/git-credential-null" "clone" "--bare" "https://github.com/charliesome/giffy_stardust" "/workspace/cache/git-repos/https%3A%2F%2Fgithub.com%2Fcharliesome%2Fgiffy_stardust", kill_on_drop: false }`
[INFO] [stderr] Cloning into bare repository '/workspace/cache/git-repos/https%3A%2F%2Fgithub.com%2Fcharliesome%2Fgiffy_stardust'...
[INFO] running `Command { std: "git" "rev-parse" "HEAD", kill_on_drop: false }`
[INFO] [stdout] bf551aa6b73fde6f1f58da5e43d5b28b92ac2561
[INFO] checking charliesome/giffy_stardust against master#af3c6e733a40e671550e0f0f5aeecaa13772ba56 for pr-74989
[INFO] running `Command { std: "git" "clone" "/workspace/cache/git-repos/https%3A%2F%2Fgithub.com%2Fcharliesome%2Fgiffy_stardust" "/workspace/builds/worker-4/source", kill_on_drop: false }`
[INFO] [stderr] Cloning into '/workspace/builds/worker-4/source'...
[INFO] [stderr] done.
[INFO] validating manifest of git repo https://github.com/charliesome/giffy_stardust on toolchain af3c6e733a40e671550e0f0f5aeecaa13772ba56
[INFO] running `Command { std: "/workspace/cargo-home/bin/cargo" "+af3c6e733a40e671550e0f0f5aeecaa13772ba56" "read-manifest" "--manifest-path" "Cargo.toml", kill_on_drop: false }`
[INFO] started tweaking git repo https://github.com/charliesome/giffy_stardust
[INFO] finished tweaking git repo https://github.com/charliesome/giffy_stardust
[INFO] tweaked toml for git repo https://github.com/charliesome/giffy_stardust written to /workspace/builds/worker-4/source/Cargo.toml
[INFO] crate git repo https://github.com/charliesome/giffy_stardust already has a lockfile, it will not be regenerated
[INFO] running `Command { std: "/workspace/cargo-home/bin/cargo" "+af3c6e733a40e671550e0f0f5aeecaa13772ba56" "fetch" "--locked" "--manifest-path" "Cargo.toml", kill_on_drop: false }`
[INFO] [stderr]     Blocking waiting for file lock on package cache
[INFO] [stderr] error: the lock file /workspace/builds/worker-4/source/Cargo.lock needs to be updated but --locked was passed to prevent this
[INFO] [stderr] If you want to try to generate the lock file without accessing the network, use the --offline flag.
[INFO] the lockfile is outdated, regenerating it
[INFO] running `Command { std: "/workspace/cargo-home/bin/cargo" "+af3c6e733a40e671550e0f0f5aeecaa13772ba56" "generate-lockfile" "--manifest-path" "Cargo.toml" "-Zno-index-update", kill_on_drop: false }`
[INFO] [stderr]     Updating git repository `https://github.com/AngryLawyer/rust-sdl2.git`
[INFO] running `Command { std: "/workspace/cargo-home/bin/cargo" "+af3c6e733a40e671550e0f0f5aeecaa13772ba56" "fetch" "--locked" "--manifest-path" "Cargo.toml", kill_on_drop: false }`
[INFO] [stderr]     Blocking waiting for file lock on package cache
[INFO] running `Command { std: "docker" "create" "-v" "/var/lib/crater-agent-workspace/builds/worker-4/target:/opt/rustwide/target:rw,Z" "-v" "/var/lib/crater-agent-workspace/builds/worker-4/source:/opt/rustwide/workdir:ro,Z" "-v" "/var/lib/crater-agent-workspace/cargo-home:/opt/rustwide/cargo-home:ro,Z" "-v" "/var/lib/crater-agent-workspace/rustup-home:/opt/rustwide/rustup-home:ro,Z" "-e" "SOURCE_DIR=/opt/rustwide/workdir" "-e" "CARGO_TARGET_DIR=/opt/rustwide/target" "-e" "CARGO_HOME=/opt/rustwide/cargo-home" "-e" "RUSTUP_HOME=/opt/rustwide/rustup-home" "-w" "/opt/rustwide/workdir" "-m" "1610612736" "--user" "0:0" "--network" "none" "rustops/crates-build-env@sha256:d92eaeed33fa75130ca1ee6c8a01d1ffb62bac859dfdfb3450e3e5d1c0146529" "/opt/rustwide/cargo-home/bin/cargo" "+af3c6e733a40e671550e0f0f5aeecaa13772ba56" "metadata" "--no-deps" "--format-version=1", kill_on_drop: false }`
[INFO] [stdout] 05866184ad0fdc6e2fb488ea7f6a44a1b64e61066fd728aedfe188120135fe9b
[INFO] [stderr] WARNING: Your kernel does not support swap limit capabilities or the cgroup is not mounted. Memory limited without swap.
[INFO] running `Command { std: "docker" "start" "-a" "05866184ad0fdc6e2fb488ea7f6a44a1b64e61066fd728aedfe188120135fe9b", kill_on_drop: false }`
[INFO] running `Command { std: "docker" "inspect" "05866184ad0fdc6e2fb488ea7f6a44a1b64e61066fd728aedfe188120135fe9b", kill_on_drop: false }`
[INFO] running `Command { std: "docker" "rm" "-f" "05866184ad0fdc6e2fb488ea7f6a44a1b64e61066fd728aedfe188120135fe9b", kill_on_drop: false }`
[INFO] [stdout] 05866184ad0fdc6e2fb488ea7f6a44a1b64e61066fd728aedfe188120135fe9b
[INFO] running `Command { std: "docker" "create" "-v" "/var/lib/crater-agent-workspace/builds/worker-4/target:/opt/rustwide/target:rw,Z" "-v" "/var/lib/crater-agent-workspace/builds/worker-4/source:/opt/rustwide/workdir:ro,Z" "-v" "/var/lib/crater-agent-workspace/cargo-home:/opt/rustwide/cargo-home:ro,Z" "-v" "/var/lib/crater-agent-workspace/rustup-home:/opt/rustwide/rustup-home:ro,Z" "-e" "SOURCE_DIR=/opt/rustwide/workdir" "-e" "CARGO_TARGET_DIR=/opt/rustwide/target" "-e" "CARGO_INCREMENTAL=0" "-e" "RUST_BACKTRACE=full" "-e" "RUSTFLAGS=--cap-lints=forbid" "-e" "CARGO_HOME=/opt/rustwide/cargo-home" "-e" "RUSTUP_HOME=/opt/rustwide/rustup-home" "-w" "/opt/rustwide/workdir" "-m" "1610612736" "--user" "0:0" "--network" "none" "rustops/crates-build-env@sha256:d92eaeed33fa75130ca1ee6c8a01d1ffb62bac859dfdfb3450e3e5d1c0146529" "/opt/rustwide/cargo-home/bin/cargo" "+af3c6e733a40e671550e0f0f5aeecaa13772ba56" "check" "--frozen" "--all" "--all-targets" "--message-format=json", kill_on_drop: false }`
[INFO] [stdout] 20d1e62693e95d86ba4b10e7b86d1bea90582b3dbb4c1e308b8c858110b86369
[INFO] [stderr] WARNING: Your kernel does not support swap limit capabilities or the cgroup is not mounted. Memory limited without swap.
[INFO] running `Command { std: "docker" "start" "-a" "20d1e62693e95d86ba4b10e7b86d1bea90582b3dbb4c1e308b8c858110b86369", kill_on_drop: false }`
[INFO] [stderr]    Compiling cfg-if v0.1.10
[INFO] [stderr]    Compiling libc v0.2.77
[INFO] [stderr]    Compiling sdl2 v0.34.3 (https://github.com/AngryLawyer/rust-sdl2.git#665b9c8c)
[INFO] [stderr]     Checking lazy_static v1.4.0
[INFO] [stderr]    Compiling sdl2-sys v0.34.3 (https://github.com/AngryLawyer/rust-sdl2.git#665b9c8c)
[INFO] [stderr]     Checking giffy_stardust v0.0.1 (/opt/rustwide/workdir)
[INFO] [stdout] error: invalid suffix `u` for integer literal
[INFO] [stdout]   --> src/gif.rs:71:20
[INFO] [stdout]    |
[INFO] [stdout] 71 |     for _ in range(0u, gct_size) {
[INFO] [stdout]    |                    ^^ invalid suffix `u`
[INFO] [stdout]    |
[INFO] [stdout]    = help: the suffix must be one of the integral types (`u32`, `isize`, etc)
[INFO] [stdout] 
[INFO] [stdout] 
[INFO] [stdout] error: invalid suffix `u` for integer literal
[INFO] [stdout]   --> src/gif.rs:71:20
[INFO] [stdout]    |
[INFO] [stdout] 71 |     for _ in range(0u, gct_size) {
[INFO] [stdout]    |                    ^^ invalid suffix `u`
[INFO] [stdout]    |
[INFO] [stdout]    = help: the suffix must be one of the integral types (`u32`, `isize`, etc)
[INFO] [stdout] 
[INFO] [stdout] 
[INFO] [stdout] error[E0432]: unresolved import `std::io::File`
[INFO] [stdout]  --> src/main.rs:4:5
[INFO] [stdout]   |
[INFO] [stdout] 4 | use std::io::File;
[INFO] [stdout]   |     ^^^^^^^^^^^^^ no `File` in `io`
[INFO] [stdout] 
[INFO] [stdout] 
[INFO] [stdout] error[E0432]: unresolved imports `std::io::Reader`, `std::io::IoResult`
[INFO] [stdout]  --> src/gif.rs:1:15
[INFO] [stdout]   |
[INFO] [stdout] 1 | use std::io::{Reader, IoResult};
[INFO] [stdout]   |               ^^^^^^  ^^^^^^^^ no `IoResult` in `io`
[INFO] [stdout]   |               |
[INFO] [stdout]   |               no `Reader` in `io`
[INFO] [stdout]   |
[INFO] [stdout] help: a similar name exists in the module
[INFO] [stdout]   |
[INFO] [stdout] 1 | use std::io::{Read, IoResult};
[INFO] [stdout]   |               ^^^^
[INFO] [stdout] help: a similar name exists in the module
[INFO] [stdout]   |
[INFO] [stdout] 1 | use std::io::{Reader, Result};
[INFO] [stdout]   |                       ^^^^^^
[INFO] [stdout] 
[INFO] [stdout] 
[INFO] [stdout] error: cannot find attribute `deriving` in this scope
[INFO] [stdout]  --> src/gif.rs:4:3
[INFO] [stdout]   |
[INFO] [stdout] 4 | #[deriving(Show)]
[INFO] [stdout]   |   ^^^^^^^^
[INFO] [stdout] 
[INFO] [stdout] 
[INFO] [stdout] error: cannot find attribute `deriving` in this scope
[INFO] [stdout]   --> src/gif.rs:19:3
[INFO] [stdout]    |
[INFO] [stdout] 19 | #[deriving(Show)]
[INFO] [stdout]    |   ^^^^^^^^
[INFO] [stdout] 
[INFO] [stdout] 
[INFO] [stdout] error[E0432]: unresolved import `std::io::File`
[INFO] [stdout]  --> src/main.rs:4:5
[INFO] [stdout]   |
[INFO] [stdout] 4 | use std::io::File;
[INFO] [stdout]   |     ^^^^^^^^^^^^^ no `File` in `io`
[INFO] [stdout] 
[INFO] [stdout] 
[INFO] [stdout] error[E0432]: unresolved imports `std::io::Reader`, `std::io::IoResult`
[INFO] [stdout]  --> src/gif.rs:1:15
[INFO] [stdout]   |
[INFO] [stdout] 1 | use std::io::{Reader, IoResult};
[INFO] [stdout]   |               ^^^^^^  ^^^^^^^^ no `IoResult` in `io`
[INFO] [stdout]   |               |
[INFO] [stdout]   |               no `Reader` in `io`
[INFO] [stdout]   |
[INFO] [stdout] help: a similar name exists in the module
[INFO] [stdout]   |
[INFO] [stdout] 1 | use std::io::{Read, IoResult};
[INFO] [stdout]   |               ^^^^
[INFO] [stdout] help: a similar name exists in the module
[INFO] [stdout]   |
[INFO] [stdout] 1 | use std::io::{Reader, Result};
[INFO] [stdout]   |                       ^^^^^^
[INFO] [stdout] 
[INFO] [stdout] 
[INFO] [stdout] error: cannot find attribute `deriving` in this scope
[INFO] [stdout]  --> src/gif.rs:4:3
[INFO] [stdout]   |
[INFO] [stdout] 4 | #[deriving(Show)]
[INFO] [stdout]   |   ^^^^^^^^
[INFO] [stdout] 
[INFO] [stdout] 
[INFO] [stdout] error: cannot find attribute `deriving` in this scope
[INFO] [stdout]   --> src/gif.rs:19:3
[INFO] [stdout]    |
[INFO] [stdout] 19 | #[deriving(Show)]
[INFO] [stdout]    |   ^^^^^^^^
[INFO] [stdout] 
[INFO] [stdout] 
[INFO] [stdout] error[E0433]: failed to resolve: could not find `keycode` in `sdl2`
[INFO] [stdout]   --> src/main.rs:44:51
[INFO] [stdout]    |
[INFO] [stdout] 44 |             sdl2::event::KeyDownEvent(_, _, sdl2::keycode::EscapeKey, _, _) => break,
[INFO] [stdout]    |                                                   ^^^^^^^ could not find `keycode` in `sdl2`
[INFO] [stdout] 
[INFO] [stdout] 
[INFO] [stdout] error[E0433]: failed to resolve: could not find `keycode` in `sdl2`
[INFO] [stdout]   --> src/main.rs:44:51
[INFO] [stdout]    |
[INFO] [stdout] 44 |             sdl2::event::KeyDownEvent(_, _, sdl2::keycode::EscapeKey, _, _) => break,
[INFO] [stdout]    |                                                   ^^^^^^^ could not find `keycode` in `sdl2`
[INFO] [stdout] 
[INFO] [stdout] 
[INFO] [stdout] error[E0412]: cannot find type `uint` in this scope
[INFO] [stdout]   --> src/gif.rs:54:25
[INFO] [stdout]    |
[INFO] [stdout] 54 |         1 << ((flags as uint >> 5) + 1)
[INFO] [stdout]    |                         ^^^^ not found in this scope
[INFO] [stdout]    |
[INFO] [stdout] help: consider importing this type alias
[INFO] [stdout]    |
[INFO] [stdout] 1  | use sdl2::sys::uint;
[INFO] [stdout]    |
[INFO] [stdout] 
[INFO] [stdout] 
[INFO] [stdout] error[E0425]: cannot find function `range` in this scope
[INFO] [stdout]   --> src/gif.rs:71:14
[INFO] [stdout]    |
[INFO] [stdout] 71 |     for _ in range(0u, gct_size) {
[INFO] [stdout]    |              ^^^^^ not found in this scope
[INFO] [stdout] 
[INFO] [stdout] 
[INFO] [stdout] error[E0425]: cannot find function `args` in module `os`
[INFO] [stdout]  --> src/main.rs:9:20
[INFO] [stdout]   |
[INFO] [stdout] 9 |     let args = os::args();
[INFO] [stdout]   |                    ^^^^ not found in `os`
[INFO] [stdout]   |
[INFO] [stdout] help: consider importing this function
[INFO] [stdout]   |
[INFO] [stdout] 3 | use std::env::args;
[INFO] [stdout]   |
[INFO] [stdout] 
[INFO] [stdout] 
[INFO] [stdout] error[E0412]: cannot find type `uint` in this scope
[INFO] [stdout]   --> src/gif.rs:54:25
[INFO] [stdout]    |
[INFO] [stdout] 54 |         1 << ((flags as uint >> 5) + 1)
[INFO] [stdout]    |                         ^^^^ not found in this scope
[INFO] [stdout]    |
[INFO] [stdout] help: consider importing this type alias
[INFO] [stdout]    |
[INFO] [stdout] 1  | use sdl2::sys::uint;
[INFO] [stdout]    |
[INFO] [stdout] 
[INFO] [stdout] 
[INFO] [stdout] error[E0433]: failed to resolve: use of undeclared type or module `Path`
[INFO] [stdout]   --> src/main.rs:16:17
[INFO] [stdout]    |
[INFO] [stdout] 16 |     let path = &Path::new(args[1].as_bytes());
[INFO] [stdout]    |                 ^^^^ not found in this scope
[INFO] [stdout]    |
[INFO] [stdout] help: consider importing this struct
[INFO] [stdout]    |
[INFO] [stdout] 3  | use std::path::Path;
[INFO] [stdout]    |
[INFO] [stdout] 
[INFO] [stdout] 
[INFO] [stdout] error[E0425]: cannot find function `range` in this scope
[INFO] [stdout]   --> src/gif.rs:71:14
[INFO] [stdout]    |
[INFO] [stdout] 71 |     for _ in range(0u, gct_size) {
[INFO] [stdout]    |              ^^^^^ not found in this scope
[INFO] [stdout] 
[INFO] [stdout] 
[INFO] [stdout] error[E0425]: cannot find value `INIT_VIDEO` in crate `sdl2`
[INFO] [stdout]   --> src/main.rs:28:22
[INFO] [stdout]    |
[INFO] [stdout] 28 |     sdl2::init(sdl2::INIT_VIDEO);
[INFO] [stdout]    |                      ^^^^^^^^^^ not found in `sdl2`
[INFO] [stdout] 
[INFO] [stdout] 
[INFO] [stdout] error[E0425]: cannot find function `args` in module `os`
[INFO] [stdout]  --> src/main.rs:9:20
[INFO] [stdout]   |
[INFO] [stdout] 9 |     let args = os::args();
[INFO] [stdout]   |                    ^^^^ not found in `os`
[INFO] [stdout]   |
[INFO] [stdout] help: consider importing this function
[INFO] [stdout]   |
[INFO] [stdout] 3 | use std::env::args;
[INFO] [stdout]   |
[INFO] [stdout] 
[INFO] [stdout] 
[INFO] [stdout] error[E0425]: cannot find value `PosCentered` in module `sdl2::video`
[INFO] [stdout]   --> src/main.rs:32:26
[INFO] [stdout]    |
[INFO] [stdout] 32 |             sdl2::video::PosCentered,
[INFO] [stdout]    |                          ^^^^^^^^^^^ not found in `sdl2::video`
[INFO] [stdout] 
[INFO] [stdout] 
[INFO] [stdout] error[E0433]: failed to resolve: use of undeclared type or module `Path`
[INFO] [stdout]   --> src/main.rs:16:17
[INFO] [stdout]    |
[INFO] [stdout] 16 |     let path = &Path::new(args[1].as_bytes());
[INFO] [stdout]    |                 ^^^^ not found in this scope
[INFO] [stdout]    |
[INFO] [stdout] help: consider importing this struct
[INFO] [stdout]    |
[INFO] [stdout] 3  | use std::path::Path;
[INFO] [stdout]    |
[INFO] [stdout] 
[INFO] [stdout] 
[INFO] [stdout] error[E0425]: cannot find value `PosCentered` in module `sdl2::video`
[INFO] [stdout]   --> src/main.rs:33:26
[INFO] [stdout]    |
[INFO] [stdout] 33 |             sdl2::video::PosCentered,
[INFO] [stdout]    |                          ^^^^^^^^^^^ not found in `sdl2::video`
[INFO] [stdout] 
[INFO] [stdout] 
[INFO] [stdout] error[E0425]: cannot find value `INIT_VIDEO` in crate `sdl2`
[INFO] [stdout]   --> src/main.rs:28:22
[INFO] [stdout]    |
[INFO] [stdout] 28 |     sdl2::init(sdl2::INIT_VIDEO);
[INFO] [stdout]    |                      ^^^^^^^^^^ not found in `sdl2`
[INFO] [stdout] 
[INFO] [stdout] 
[INFO] [stdout] error[E0425]: cannot find value `PosCentered` in module `sdl2::video`
[INFO] [stdout]   --> src/main.rs:32:26
[INFO] [stdout]    |
[INFO] [stdout] 32 |             sdl2::video::PosCentered,
[INFO] [stdout]    |                          ^^^^^^^^^^^ not found in `sdl2::video`
[INFO] [stdout] 
[INFO] [stdout] 
[INFO] [stdout] error[E0412]: cannot find type `int` in this scope
[INFO] [stdout]   --> src/main.rs:34:26
[INFO] [stdout]    |
[INFO] [stdout] 34 |             gif.width as int,
[INFO] [stdout]    |                          ^^^ not found in this scope
[INFO] [stdout] 
[INFO] [stdout] 
[INFO] [stdout] error[E0425]: cannot find value `PosCentered` in module `sdl2::video`
[INFO] [stdout]   --> src/main.rs:33:26
[INFO] [stdout]    |
[INFO] [stdout] 33 |             sdl2::video::PosCentered,
[INFO] [stdout]    |                          ^^^^^^^^^^^ not found in `sdl2::video`
[INFO] [stdout] 
[INFO] [stdout] 
[INFO] [stdout] error[E0412]: cannot find type `int` in this scope
[INFO] [stdout]   --> src/main.rs:35:27
[INFO] [stdout]    |
[INFO] [stdout] 35 |             gif.height as int,
[INFO] [stdout]    |                           ^^^ not found in this scope
[INFO] [stdout] 
[INFO] [stdout] 
[INFO] [stdout] error[E0412]: cannot find type `int` in this scope
[INFO] [stdout]   --> src/main.rs:34:26
[INFO] [stdout]    |
[INFO] [stdout] 34 |             gif.width as int,
[INFO] [stdout]    |                          ^^^ not found in this scope
[INFO] [stdout] 
[INFO] [stdout] 
[INFO] [stdout] error[E0412]: cannot find type `int` in this scope
[INFO] [stdout]   --> src/main.rs:35:27
[INFO] [stdout]    |
[INFO] [stdout] 35 |             gif.height as int,
[INFO] [stdout]    |                           ^^^ not found in this scope
[INFO] [stdout] 
[INFO] [stdout] 
[INFO] [stdout] error[E0425]: cannot find value `OPENGL` in module `sdl2::video`
[INFO] [stdout]   --> src/main.rs:36:26
[INFO] [stdout]    |
[INFO] [stdout] 36 |             sdl2::video::OPENGL) {
[INFO] [stdout]    |                          ^^^^^^ not found in `sdl2::video`
[INFO] [stdout] 
[INFO] [stdout] 
[INFO] [stdout] error[E0425]: cannot find value `OPENGL` in module `sdl2::video`
[INFO] [stdout]   --> src/main.rs:36:26
[INFO] [stdout]    |
[INFO] [stdout] 36 |             sdl2::video::OPENGL) {
[INFO] [stdout]    |                          ^^^^^^ not found in `sdl2::video`
[INFO] [stdout] 
[INFO] [stdout] 
[INFO] [stdout] error[E0531]: cannot find tuple struct or tuple variant `QuitEvent` in module `sdl2::event`
[INFO] [stdout]   --> src/main.rs:43:26
[INFO] [stdout]    |
[INFO] [stdout] 43 |             sdl2::event::QuitEvent(_) => break,
[INFO] [stdout]    |                          ^^^^^^^^^ not found in `sdl2::event`
[INFO] [stdout] 
[INFO] [stdout] 
[INFO] [stdout] error[E0531]: cannot find tuple struct or tuple variant `QuitEvent` in module `sdl2::event`
[INFO] [stdout]   --> src/main.rs:43:26
[INFO] [stdout]    |
[INFO] [stdout] 43 |             sdl2::event::QuitEvent(_) => break,
[INFO] [stdout]    |                          ^^^^^^^^^ not found in `sdl2::event`
[INFO] [stdout] 
[INFO] [stdout] 
[INFO] [stdout] error[E0531]: cannot find tuple struct or tuple variant `KeyDownEvent` in module `sdl2::event`
[INFO] [stdout]   --> src/main.rs:44:26
[INFO] [stdout]    |
[INFO] [stdout] 44 |             sdl2::event::KeyDownEvent(_, _, sdl2::keycode::EscapeKey, _, _) => break,
[INFO] [stdout]    |                          ^^^^^^^^^^^^ not found in `sdl2::event`
[INFO] [stdout] 
[INFO] [stdout] 
[INFO] [stdout] error[E0531]: cannot find tuple struct or tuple variant `KeyDownEvent` in module `sdl2::event`
[INFO] [stdout]   --> src/main.rs:44:26
[INFO] [stdout]    |
[INFO] [stdout] 44 |             sdl2::event::KeyDownEvent(_, _, sdl2::keycode::EscapeKey, _, _) => break,
[INFO] [stdout]    |                          ^^^^^^^^^^^^ not found in `sdl2::event`
[INFO] [stdout] 
[INFO] [stdout] 
[INFO] [stdout] error[E0425]: cannot find function `quit` in crate `sdl2`
[INFO] [stdout]   --> src/main.rs:49:11
[INFO] [stdout]    |
[INFO] [stdout] 49 |     sdl2::quit();
[INFO] [stdout]    |           ^^^^ not found in `sdl2`
[INFO] [stdout] 
[INFO] [stdout] 
[INFO] [stdout] error[E0425]: cannot find function `quit` in crate `sdl2`
[INFO] [stdout]   --> src/main.rs:49:11
[INFO] [stdout]    |
[INFO] [stdout] 49 |     sdl2::quit();
[INFO] [stdout]    |           ^^^^ not found in `sdl2`
[INFO] [stdout] 
[INFO] [stdout] 
[INFO] [stdout] error[E0603]: function `poll_event` is private
[INFO] [stdout]     --> src/main.rs:42:28
[INFO] [stdout]      |
[INFO] [stdout] 42   |         match sdl2::event::poll_event() {
[INFO] [stdout]      |                            ^^^^^^^^^^ private function
[INFO] [stdout]      |
[INFO] [stdout] note: the function `poll_event` is defined here
[INFO] [stdout]     --> /opt/rustwide/cargo-home/git/checkouts/rust-sdl2-aa1d9d20b5a2d833/665b9c8/src/sdl2/event.rs:2336:1
[INFO] [stdout]      |
[INFO] [stdout] 2336 | unsafe fn poll_event() -> Option<Event> {
[INFO] [stdout]      | ^^^^^^^^^^^^^^^^^^^^^^^^^^^^^^^^^^^^^^^
[INFO] [stdout] 
[INFO] [stdout] 
[INFO] [stdout] error[E0603]: function `poll_event` is private
[INFO] [stdout]     --> src/main.rs:42:28
[INFO] [stdout]      |
[INFO] [stdout] 42   |         match sdl2::event::poll_event() {
[INFO] [stdout]      |                            ^^^^^^^^^^ private function
[INFO] [stdout]      |
[INFO] [stdout] note: the function `poll_event` is defined here
[INFO] [stdout]     --> /opt/rustwide/cargo-home/git/checkouts/rust-sdl2-aa1d9d20b5a2d833/665b9c8/src/sdl2/event.rs:2336:1
[INFO] [stdout]      |
[INFO] [stdout] 2336 | unsafe fn poll_event() -> Option<Event> {
[INFO] [stdout]      | ^^^^^^^^^^^^^^^^^^^^^^^^^^^^^^^^^^^^^^^
[INFO] [stdout] 
[INFO] [stdout] 
[INFO] [stdout] error[E0061]: this function takes 0 arguments but 1 argument was supplied
[INFO] [stdout]   --> src/main.rs:28:5
[INFO] [stdout]    |
[INFO] [stdout] 28 |     sdl2::init(sdl2::INIT_VIDEO);
[INFO] [stdout]    |     ^^^^^^^^^^ ---------------- supplied 1 argument
[INFO] [stdout]    |     |
[INFO] [stdout]    |     expected 0 arguments
[INFO] [stdout] 
[INFO] [stdout] 
[INFO] [stdout] error[E0061]: this function takes 0 arguments but 1 argument was supplied
[INFO] [stdout]   --> src/main.rs:28:5
[INFO] [stdout]    |
[INFO] [stdout] 28 |     sdl2::init(sdl2::INIT_VIDEO);
[INFO] [stdout]    |     ^^^^^^^^^^ ---------------- supplied 1 argument
[INFO] [stdout]    |     |
[INFO] [stdout]    |     expected 0 arguments
[INFO] [stdout] 
[INFO] [stdout] 
[INFO] [stdout] error[E0599]: no function or associated item named `new` found for struct `sdl2::video::Window` in the current scope
[INFO] [stdout]   --> src/main.rs:30:45
[INFO] [stdout]    |
[INFO] [stdout] 30 |     let window = match sdl2::video::Window::new(
[INFO] [stdout]    |                                             ^^^ function or associated item not found in `sdl2::video::Window`
[INFO] [stdout] 
[INFO] [stdout] 
[INFO] [stdout] error: aborting due to 22 previous errors
[INFO] [stdout] 
[INFO] [stdout] 
[INFO] [stdout] Some errors have detailed explanations: E0061, E0412, E0425, E0432, E0433, E0531, E0599, E0603.
[INFO] [stdout] 
[INFO] [stdout] For more information about an error, try `rustc --explain E0061`.
[INFO] [stdout] 
[INFO] [stdout] error[E0599]: no function or associated item named `new` found for struct `sdl2::video::Window` in the current scope
[INFO] [stdout]   --> src/main.rs:30:45
[INFO] [stdout]    |
[INFO] [stdout] 30 |     let window = match sdl2::video::Window::new(
[INFO] [stdout]    |                                             ^^^ function or associated item not found in `sdl2::video::Window`
[INFO] [stdout] 
[INFO] [stdout] 
[INFO] [stdout] error: aborting due to 22 previous errors
[INFO] [stdout] 
[INFO] [stdout] 
[INFO] [stdout] Some errors have detailed explanations: E0061, E0412, E0425, E0432, E0433, E0531, E0599, E0603.
[INFO] [stdout] 
[INFO] [stdout] For more information about an error, try `rustc --explain E0061`.
[INFO] [stdout] 
[INFO] [stderr] error: could not compile `giffy_stardust`.
[INFO] [stderr] 
[INFO] [stderr] To learn more, run the command again with --verbose.
[INFO] [stderr] warning: build failed, waiting for other jobs to finish...
[INFO] [stderr] error: build failed
[INFO] running `Command { std: "docker" "inspect" "20d1e62693e95d86ba4b10e7b86d1bea90582b3dbb4c1e308b8c858110b86369", kill_on_drop: false }`
[INFO] running `Command { std: "docker" "rm" "-f" "20d1e62693e95d86ba4b10e7b86d1bea90582b3dbb4c1e308b8c858110b86369", kill_on_drop: false }`
[INFO] [stdout] 20d1e62693e95d86ba4b10e7b86d1bea90582b3dbb4c1e308b8c858110b86369
